{"id":1626,"date":"2021-03-30T14:54:07","date_gmt":"2021-03-30T14:54:07","guid":{"rendered":"http:\/\/pecnew.com.br\/?post_type=product&#038;p=1626"},"modified":"2022-04-27T14:15:13","modified_gmt":"2022-04-27T14:15:13","slug":"septbio-pecnew-frasco-de-1-litro","status":"publish","type":"product","link":"https:\/\/pecnew.com.br\/index.php\/produto\/septbio-pecnew-frasco-de-1-litro\/","title":{"rendered":"SEPTBIO PECNEW FRASCO DE 1 LITRO"},"content":{"rendered":"<p>PRODUTO SEM RESIDUO OU CARENCIA!<\/p>\n","protected":false},"excerpt":{"rendered":"<p>ANTIBACTERIANO QUE AUXILIA\u00a0 CONTROLE E PREVEN\u00c7\u00c3O DAS INFEC\u00c7OES EM GERAL,MELHORANDO A SITUA\u00c7\u00c3O DOS ANIMAIS E AUMENTANDO A IMUNIDADE.<\/p>\n","protected":false},"featured_media":1805,"comment_status":"open","ping_status":"closed","template":"","meta":{"_joinchat":{"telephone":"+5531993790162"}},"product_brand":[],"product_cat":[29,25,33,24],"product_tag":[],"class_list":{"0":"post-1626","1":"product","2":"type-product","3":"status-publish","4":"has-post-thumbnail","6":"product_cat-sem-categoria","7":"product_cat-linha-pet","8":"product_cat-linha-suinos","9":"product_cat-linha-tradicional","11":"first","12":"instock","13":"shipping-taxable","14":"purchasable","15":"product-type-simple"},"_links":{"self":[{"href":"https:\/\/pecnew.com.br\/index.php\/wp-json\/wp\/v2\/product\/1626","targetHints":{"allow":["GET"]}}],"collection":[{"href":"https:\/\/pecnew.com.br\/index.php\/wp-json\/wp\/v2\/product"}],"about":[{"href":"https:\/\/pecnew.com.br\/index.php\/wp-json\/wp\/v2\/types\/product"}],"replies":[{"embeddable":true,"href":"https:\/\/pecnew.com.br\/index.php\/wp-json\/wp\/v2\/comments?post=1626"}],"wp:featuredmedia":[{"embeddable":true,"href":"https:\/\/pecnew.com.br\/index.php\/wp-json\/wp\/v2\/media\/1805"}],"wp:attachment":[{"href":"https:\/\/pecnew.com.br\/index.php\/wp-json\/wp\/v2\/media?parent=1626"}],"wp:term":[{"taxonomy":"product_brand","embeddable":true,"href":"https:\/\/pecnew.com.br\/index.php\/wp-json\/wp\/v2\/product_brand?post=1626"},{"taxonomy":"product_cat","embeddable":true,"href":"https:\/\/pecnew.com.br\/index.php\/wp-json\/wp\/v2\/product_cat?post=1626"},{"taxonomy":"product_tag","embeddable":true,"href":"https:\/\/pecnew.com.br\/index.php\/wp-json\/wp\/v2\/product_tag?post=1626"}],"curies":[{"name":"wp","href":"https:\/\/api.w.org\/{rel}","templated":true}]}}